) to base 12.
-7497
-143150 (base 7) to base 11
-19752
What is -46403 (base 7) in base 5?
-334421
What is -503 (base 10) in base 5?
-4003
Convert -35324 (base 6) to base 10.
-5092
-122552 (base 6) to base 7
-44051
What is -7c (base 14) in base 8?
-156
What is 11875 (base 9) in base 3?
101222112
What is -232 (base 15) in base 11?
-412
-323 (base 13) to base 2
-1000011000
Convert 51e (base 16) to base 10.
1310
What is 1eac (base 16) in base 5?
222402
1 (base 9) to base 7
1
-52141 (base 8) to base 15
-6601
8538 (base 16) to base 8
102470
What is 1102220220 (base 3) in base 8?
67326
Convert 2110 (base 6) to base 2.
111011010
-229 (base 10) to base 16
-e5
Convert -d7 (base 14) to base 2.
-10111101
-94 (base 11) to base 10
-103
What is -741 (base 13) in base 12?
-870
What is -2131 (base 5) in base 10?
-291
Convert 603 (base 12) to base 10.
867
What is 6211 (base 9) in base 3?
20020101
Convert 468 (base 16) to base 2.
10001101000
212111122 (base 3) to base 8
41357
311 (base 4) to base 16
35
Convert -41321 (base 8) to base 15.
-5105
Convert 883b (base 13) to base 2.
100101000100010
What is -5084 (base 11) in base 15?
-1eec
Convert 196 (base 16) to base 13.
253
What is 103013 (base 6) in base 8?
20361
What is -137e (base 16) in base 7?
-20356
129 (base 11) to base 12
108
Convert -1103132 (base 4) to base 3.
-21022212
What is 261 (base 12) in base 6?
1401
What is 111101010111001 (base 2) in base 7?
160411
Convert -b8 (base 13) to base 6.
-411
2032023 (base 4) to base 5
242344
Convert -101000110011 (base 2) to base 13.
-125b
Convert 11221202 (base 4) to base 14.
860a
-10459 (base 11) to base 6
-154153
Convert 1d1a (base 16) to base 9.
11187
-705 (base 9) to base 2
-1000111100
-1312222 (base 5) to base 6
-320025
What is 12953 (base 10) in base 11?
9806
What is -92 (base 11) in base 9?
-122
What is -10020210001 (base 3) in base 6?
-1212131
What is -2436 (base 8) in base 12?
-912
Convert 68 (base 12) to base 9.
88
Convert 375 (base 8) to base 2.
11111101
Convert -b1 (base 14) to base 3.
-12202
Convert -6072 (base 8) to base 16.
-c3a
Convert 10212 (base 3) to base 9.
125
What is 638 (base 16) in base 8?
3070
Convert -546 (base 15) to base 13.
-708
-bda (base 14) to base 9
-3188
-838 (base 10) to base 5
-11323
349 (base 12) to base 9
603
Convert 778 (base 14) to base 4.
113012
What is a35 (base 11) in base 12?
880
195 (base 10) to base 3
21020
What is -5b8 (base 13) in base 5?
-12441
What is 1110111110 (base 2) in base 8?
1676
474 (base 8) to base 6
1244
What is 10848 (base 9) in base 10?
7253
Convert 8c7c (base 13) to base 4.
10303323
What is 111011001000011 (base 2) in base 6?
352055
What is -11111111 (base 2) in base 16?
-ff
Convert -101100000 (base 2) to base 7.
-1012
-a0a0 (base 13) to base 10
-22100
What is -191 (base 16) in base 12?
-295
-100110100 (base 2) to base 7
-620
-5a6b (base 12) to base 8
-23663
-269b (base 12) to base 13
-2036
-201140 (base 5) to base 10
-6420
Convert -51110 (base 9) to base 13.
-123c6
301211 (base 4) to base 3
11100112
Convert 1010001000 (base 2) to base 12.
460
What is 110011100110011 (base 2) in base 8?
63463
-100110111001110 (base 2) to base 16
-4dce
What is -21133 (base 4) in base 14?
-315
What is -202100 (base 3) in base 5?
-4144
What is 22112 (base 4) in base 5?
10122
Convert 67c (base 13) to base 4.
101131
Convert 26406 (base 7) to base 4.
1232112
3b5b (base 14) to base 16
28e5
Convert -720 (base 16) to base 15.
-819
50f (base 16) to base 15
5b5
What is 376d (base 16) in base 4?
3131231
100101101 (base 2) to base 14
177
-2002212110 (base 3) to base 12
-1bba9
1280 (base 9) to base 15
443
What is 22322 (base 6) in base 11?
2400
What is -10414 (base 5) in base 10?
-734
Convert -7484 (base 10) to base 9.
-11235
-3130314 (base 5) to base 11
-36046
-4525 (base 6) to base 14
-55b
Convert -b94 (base 13) to base 11.
-1540
Convert -303 (base 15) to base 11.
-567
-110001101 (base 2) to base 14
-205
-1203121 (base 4) to base 3
-22201121
What is 10110110011 (base 2) in base 13?
883
Convert 1010001101111 (base 2) to base 5.
131411
-7c (base 14) to base 2
-1101110
What is a05 (base 11) in base 16?
4bf
10122220 (base 3) to base 14
d8a
-1891a (base 11) to base 2
-110011100011111
What is 3656 (base 8) in base 10?
1966
-a22 (base 13) to base 11
-1322
-6191 (base 10) to base 6
-44355
e4ed (base 15) to base 10
48373
-17871 (base 10) to base 2
-100010111001111
What is -8672 (base 11) in base 7?
-45251
-b7b (base 15) to base 4
-220133
Convert 1100011010 (base 2) to base 16.
31a
Convert 5551 (base 7) to base 3.
2201221
-60602 (base 7) to base 13
-68cc
Convert -228 (base 15) to base 9.
-602
Convert -8304 (base 13) to base 15.
-555c
Convert 69 (base 10) to base 6.
153
Convert -362 (base 11) to base 15.
-1db
Convert 210021 (base 3) to base 7.
1450
What is 2bb3 (base 14) in base 13?
3721
3eb (base 16) to base 2
1111101011
Convert -1b2 (base 13) to base 6.
-1242
Convert -44d (base 15) to base 2.
-1111001101
4151 (base 10) to base 12
249b
-43557 (base 10) to base 3
-2012202020
14ae8 (base 15) to base 2
10000010000100001
Convert -3311113 (base 4) to base 13.
-71bc
Convert 2547 (base 12) to base 8.
10207
Convert 4b6e (base 16) to base 2.
100101101101110
What is b52 (base 12) in base 7?
4541
120103 (base 4) to base 3
2010121
What is 413 (base 9) in base 7?
660
What is 2623 (base 10) in base 12?
1627
What is -3502 (base 9) in base 13?
-1247
What is -1442343 (base 5) in base 6?
-355221
What is c530 (base 14) in base 11?
23564
What is -6ac (base 14) in base 13?
-7b2
-341 (base 8) to base 11
-195
Convert -156 (base 10) to base 7.
-312
1013123 (base 4) to base 13
2108
-28780 (base 11) to base 12
-1b795
What is -121122 (base 4) in base 16?
-65a
101100100111010 (base 2) to base 8
54472
-25c8 (base 15) to base 13
-3893
What is 10211220 (base 3) in base 6?
20553
Convert -866 (base 16) to base 13.
-c95
111410 (base 6) to base 9
13846
5d17 (base 15) to base 2
100110101101110
What is -3c6 (base 13) in base 4?
-22131
-323100 (base 4) to base 14
-154c
Convert 103440 (base 7) to base 10.
18060
2771 (base 13) to base 3
21202222
Convert 1032333 (base 4) to base 10.
5055
What is -38740 (base 12) in base 3?
-10220202010
What is -c4b8 (base 14) in base 12?
-1772a
-1223223 (base 4) to base 13
-31a1
What is -8b22 (base 12) in base 5?
-443214
What is 15158 (base 9) in base 3?
112011222
Convert -1d7 (base 14) to base 5.
-3020
Convert 31434 (base 6) to base 12.
257a
3032 (base 8) to base 2
11000011010
-33a (base 12) to base 14
-262
-212010012 (base 3) to base 16
-41d5
Convert -11344 (base 5) to base 6.
-3533
What is -2c5 (base 16) in base 4?
-23011
-221002021 (base 3) to base 15
-5641
What is 1102011 (base 3) in base 15?
48a
What is -6735 (base 9) in base 5?
-124343
What is 27574 (base 9) in base 16?
4909
What is 180b (base 13) in base 11?
2747
-2003301 (base 4) to base 9
-12510
What is -2a02 (base 11) in base 2?
-111100100010
What is 218 (base 11) in base 2?
100000101
What is 57 (base 16) in base 5?
322
311110 (base 5) to base 9
14833
What is -55 (base 6) in base 9?
-38
Convert 1103242 (base 6) to base 12.
27b22
-b90 (base 14) to base 8
-4352
What is -310333 (base 4) in base 10?
-3391
-101100 (base 3) to base 13
-186
Convert -42352 (base 6) to base 2.
-1011001111100
-120121 (base 5) to base 2
-1000100111011
What is b62 (base 16) in base 10?
2914
6a8 (base 11) to base 4
31030
What is 5633 (base 10) in base 4?
1120001
Convert 1001111000101101 (base 2) to base 13.
1557b
Convert 4b0d (base 16) to base 7.
110005
Convert 420311 (base 5) to base 10.
13831
Convert 1bb (base 15) to base 14.
209
-1135 (base 7) to base 9
-514
What is 131502 (base 6) in base 10?
12062
What is -37774 (base 8) in base 13?
-75c0
What is 843 (base 13) in base 12?
993
What is -202122221 (base 3) in base 2?
-11101011011000
Convert 131252 (base 7) to base 3.
1020120222
Convert -41766 (base 8) to base 6.
-212314
Convert -991 (base 11) to base 10.
-1189
What is -3451 (base 11) in base 15?
-1523
1c41 (base 13) to base 14
17b8
Convert 2595 (base 11) to base 10.
3371
Convert 4656 (base 8) to base 11.
1953
-1a38 (base 12) to base 11
-2460
What is -1020022121 (base 3) in base 4?
-11323201
-12352 (base 6) to base 8
-3514
Convert -4043 (base 5) to base 4.
-20023
Convert -11617 (base 8) to base 5.
-130012
Convert 